 to base 16.
142
What is 7 (base 13) in base 6?
11
1 (base 15) to base 4
1
What is 1 (base 5) in base 9?
1
Convert -1a (base 13) to base 3.
-212
What is 110 (base 2) in base 3?
20
Convert -3 (base 6) to base 2.
-11
What is 1 (base 4) in base 2?
1
Convert -2 (base 8) to base 14.
-2
What is -15 (base 8) in base 4?
-31
-2 (base 6) to base 15
-2
-92 (base 15) to base 4
-2021
What is 8 (base 10) in base 15?
8
What is 39 (base 13) in base 7?
66
11100 (base 3) to base 8
165
What is 14 (base 6) in base 13?
a
7 (base 15) to base 2
111
Convert 22 (base 10) to base 8.
26
What is -121 (base 8) in base 13?
-63
Convert 1 (base 13) to base 12.
1
What is -1 (base 3) in base 12?
-1
What is -4 (base 10) in base 13?
-4
Convert 2 (base 15) to base 12.
2
Convert 225 (base 9) to base 13.
113
-11 (base 12) to base 6
-21
What is 4 (base 5) in base 16?
4
What is -3 (base 9) in base 4?
-3
What is 51 (base 12) in base 5?
221
Convert -71 (base 8) to base 5.
-212
What is 30 (base 16) in base 2?
110000
Convert -4 (base 12) to base 4.
-10
Convert -232 (base 5) to base 7.
-124
What is 5 (base 7) in base 9?
5
Convert -1 (base 2) to base 4.
-1
Convert -4 (base 14) to base 8.
-4
-1000001 (base 2) to base 7
-122
28 (base 11) to base 5
110
Convert 5 (base 15) to base 6.
5
-1 (base 2) to base 4
-1
Convert 10a (base 11) to base 13.
a1
-2 (base 12) to base 9
-2
What is 219 (base 10) in base 2?
11011011
-11 (base 6) to base 4
-13
What is 110 (base 3) in base 6?
20
1 (base 11) to base 3
1
22 (base 10) to base 9
24
-116 (base 9) to base 2
-1100000
-9 (base 11) to base 8
-11
Convert -2 (base 14) to base 7.
-2
Convert b0 (base 15) to base 16.
a5
What is 1000 (base 2) in base 10?
8
What is 3 (base 15) in base 8?
3
What is 2 (base 4) in base 5?
2
What is -20 (base 11) in base 4?
-112
What is -12 (base 4) in base 15?
-6
-1 (base 16) to base 8
-1
-11000 (base 4) to base 14
-18c
What is -11212 (base 4) in base 11?
-2a6
What is -ab (base 16) in base 7?
-333
5 (base 6) to base 2
101
What is 12 (base 10) in base 9?
13
What is -1 (base 15) in base 14?
-1
What is -2 (base 3) in base 13?
-2
Convert -1 (base 5) to base 11.
-1
What is 10 (base 14) in base 2?
1110
112 (base 3) to base 16
e
Convert 2 (base 13) to base 10.
2
10 (base 16) to base 2
10000
3 (base 15) to base 13
3
What is 30 (base 9) in base 7?
36
Convert -80 (base 13) to base 5.
-404
What is 0 (base 14) in base 13?
0
2 (base 16) to base 15
2
Convert 1120 (base 3) to base 8.
52
What is 5 (base 11) in base 16?
5
What is -22 (base 3) in base 8?
-10
Convert -52 (base 9) to base 4.
-233
1 (base 7) to base 3
1
Convert -25 (base 8) to base 14.
-17
What is 6 (base 8) in base 10?
6
What is 4 (base 14) in base 12?
4
-c (base 15) to base 6
-20
Convert -21 (base 13) to base 5.
-102
What is -12 (base 7) in base 13?
-9
c (base 14) to base 3
110
-1 (base 15) to base 8
-1
Convert -88 (base 11) to base 16.
-60
Convert 0 (base 14) to base 8.
0
Convert -20 (base 5) to base 15.
-a
What is -2331 (base 4) in base 10?
-189
3 (base 14) to base 16
3
Convert 14c (base 14) to base 2.
100001000
30 (base 16) to base 2
110000
Convert -4 (base 5) to base 15.
-4
Convert -3d (base 14) to base 3.
-2001
Convert -10010 (base 2) to base 14.
-14
11101 (base 2) to base 8
35
What is -11 (base 10) in base 13?
-b
124 (base 5) to base 3
1110
2 (base 15) to base 3
2
Convert a (base 11) to base 12.
a
What is -4 (base 10) in base 6?
-4
Convert 3 (base 7) to base 8.
3
23 (base 4) to base 15
b
Convert -13 (base 9) to base 12.
-10
Convert 101101 (base 2) to base 13.
36
-45 (base 9) to base 7
-56
110 (base 3) to base 4
30
Convert 11 (base 7) to base 8.
10
-2 (base 15) to base 7
-2
What is 1 (base 6) in base 3?
1
Convert -100011 (base 3) to base 2.
-11110111
What is 2 (base 4) in base 7?
2
3 (base 12) to base 3
10
-46 (base 14) to base 13
-4a
Convert 152 (base 6) to base 3.
2112
Convert 9 (base 16) to base 10.
9
-2 (base 7) to base 12
-2
What is 31 (base 4) in base 10?
13
What is 3 (base 11) in base 15?
3
Convert 0 (base 6) to base 12.
0
What is -6 (base 7) in base 4?
-12
Convert 1 (base 12) to base 5.
1
Convert -7 (base 8) to base 6.
-11
Convert -10 (base 3) to base 16.
-3
1 (base 5) to base 13
1
-5 (base 6) to base 11
-5
Convert -13 (base 4) to base 14.
-7
Convert -103 (base 4) to base 12.
-17
206 (base 14) to base 12
292
Convert 3 (base 9) to base 8.
3
What is 10 (base 2) in base 5?
2
Convert -1 (base 15) to base 5.
-1
Convert -31 (base 10) to base 7.
-43
What is -6 (base 12) in base 2?
-110
Convert -3 (base 4) to base 9.
-3
What is 11222 (base 3) in base 14?
98
What is -210 (base 4) in base 16?
-24
Convert -2 (base 16) to base 6.
-2
-3 (base 15) to base 10
-3
-1 (base 8) to base 12
-1
What is 3030 (base 4) in base 9?
246
19 (base 11) to base 8
24
Convert -1410 (base 5) to base 14.
-126
Convert 1101 (base 3) to base 11.
34
Convert 4 (base 10) to base 7.
4
0 (base 6) to base 3
0
What is -10 (base 3) in base 2?
-11
What is 25 (base 10) in base 2?
11001
-260 (base 7) to base 3
-12012
113 (base 7) to base 2
111011
-111 (base 2) to base 7
-10
10010 (base 2) to base 14
14
What is -32 (base 14) in base 3?
-1122
-a (base 14) to base 7
-13
Convert 21 (base 3) to base 9.
7
Convert ab (base 15) to base 3.
12222
What is -10 (base 2) in base 4?
-2
Convert -12 (base 9) to base 5.
-21
Convert -20 (base 10) to base 5.
-40
-35 (base 6) to base 12
-1b
2 (base 10) to base 16
2
Convert -1000 (base 3) to base 5.
-102
Convert 34 (base 7) to base 15.
1a
10 (base 6) to base 3
20
-1 (base 16) to base 4
-1
Convert -121 (base 3) to base 11.
-15
10010011 (base 2) to base 5
1042
Convert -110 (base 3) to base 5.
-22
What is -3233 (base 4) in base 5?
-1424
-30 (base 11) to base 3
-1020
48 (base 14) to base 8
100
Convert -7 (base 13) to base 10.
-7
Convert 1a2 (base 12) to base 3.
100212
111 (base 3) to base 6
21
-4 (base 15) to base 5
-4
40 (base 12) to base 13
39
-33 (base 16) to base 6
-123
What is -6 (base 16) in base 5?
-11
What is 25 (base 7) in base 3?
201
2 (base 10) to base 16
2
What is 1 (base 13) in base 15?
1
Convert 0 (base 5) to base 2.
0
Convert 10 (base 2) to base 11.
2
1 (base 8) to base 15
1
Convert 3b (base 12) to base 3.
1202
Convert -100101 (base 3) to base 11.
-210
What is -144 (base 10) in base 9?
-170
51 (base 6) to base 12
27
What is -2 (base 12) in base 13?
-2
Convert -10 (base 2) to base 12.
-2
What is -13 (base 5) in base 12?
-8
-21 (base 3) to base 13
-7
81 (base 12) to base 8
141
Convert -2 (base 16) to base 11.
-2
What is 25 (base 13) in base 4?
133
What is 4c (base 13) in base 5?
224
What is -14 (base 10) in base 14?
-10
Convert -51 (base 14) to base 9.
-78
51 (base 9) to base 12
3a
Convert -21 (base 11) to base 13.
-1a
24 (base 13) to base 5
110
What is 71 (base 11) in base 7?
141
-3 (base 12) to base 10
-3
What is 1424 (base 5) in base 11?
1a8
Convert -31 (base 9) to base 14.
-20
What is -53 (base 14) in base 10?
-73
0 (base 8) to base 7
0
1100110 (base 2) to base 12
86
What is -4 (base 6) in base 2?
-100
Convert 0 (base 7) to base 10.
0
Convert -2 (base 4) to base 13.
-2
-15 (base 10) to base 15
-10
13 (base 4) to base 14
7
What is -1 (base 14) in base 5?
-1
Convert 1 (base 2) to base 3.
1
Convert 293 (base 10) to base 13.
197
8 (base 16) to base 2
1000
Convert 1 (base 2) to base 4.
1
Convert 21 (base 3) to base 9.
7
Convert 444 (base 6) to base 4.
2230
Convert 0 (base 13) to base 5.
0
-5 (base 9) to base 4
-11
-11 (base 8) to base 13
-9
Convert 54 (base 15) to base 4.
1033
What is 1 (base 12) in base 7?
1
-11 (base 8) to base 15
-9
What is -1 (base 14) in base 2?
-1
13 (base 5) to base 4
20
What is 4 (base 11) in base 13?
4
Convert -4 (base 13) to base 16.
-4
Convert 0 (base 2) to base 9.
0
-10 (base 16) to base 13
-13
Convert -1 (base 16) to base 11.
-1
255 (base 7) to base 8
212
Convert 20 (base 5) to base 12.
a
What is -47 (base 11) in base 4?
-303
What is -10 (base 4) in base 14?
-4
-10010 (base 3) to base 14
-60
-4 (base 11) to base 13
-4
Convert -20 (base 15) to base 5.
-110
What is -11 (base 9) in base 3?
-101
What is 11011010 (base 2) in base 8?
332
What is -32 (base 5) in base 14?
-13
-210 (base 4) to base 9
-40
Convert -100010 (base 2) to base 11.
-31
Convert -132 (base 4) to base 11.
-28
4 (base 16) to base 5
4
What is 0 (base 10) in base 7?
0
What is 133 (base 4) i